 34.
34
Suppose 2 = -2*c - 2*p, 0*c + 4*c - 3*p - 10 = 0. Let g be 2/(-6) - (-76)/(-6). Let q = -10 - g. What is the greatest common factor of q and c?
1
Let z be ((-2)/4)/(-1)*(373 + -43). What is the greatest common factor of z and 99?
33
Suppose r + 5*c = 71, 24*c - 23*c = -5*r + 283. Calculate the greatest common factor of r and 21.
7
Let j be -1 + -5 + (3120/16)/1. Calculate the highest common divisor of 14 and j.
7
Suppose 33 = v - 0*v. Suppose -1100 = -74*c - 30*c + 79*c. Calculate the greatest common factor of v and c.
11
Suppose 0 = 3*o - 6*o + 42. Suppose -h + 18 + o = 0. What is the greatest common factor of h and 288?
32
Let n(s) = -s**3 + 13*s**2 - s - 20. Let f be n(10). What is the greatest common divisor of 720 and f?
90
Suppose 0*b - 60*b = -3060. What is the greatest common factor of b and 221?
17
Let p(k) = -k**3 - 6*k**2 - 6*k + 9. Let z be p(-6). Suppose -736 = -4*r - 4*o, 3*r + 5*o - 560 = -0*o. Calculate the greatest common divisor of z and r.
45
Let m(j) = 3*j**2 - 25*j - 4. Let w be m(-13). What is the greatest common divisor of 36 and w?
36
Suppose 2*h + 2*h + 26 = 3*j, 3*j = -2*h + 32. Suppose 2 = -u + j. Calculate the greatest common factor of u and 24.
8
Let t(p) = 7*p**2 + 1. Suppose -4 = 3*r + 3*s - 13, 3*s - 12 = 0. Let l be t(r). Calculate the greatest common divisor of 40 and l.
8
Suppose -4*s + 143 = 71. Suppose -5*x - 2*z + 2 + 3 = 0, -7 = -4*x - z. Suppose x*i - s = 42. Calculate the greatest common divisor of i and 30.
10
Suppose -6*g = 2*g - 136. Suppose -3*o + 100 = 5*z, 2*o = -3*z - o + 66. What is the highest common divisor of z and g?
17
Suppose 3*h + 4*k = -11, -7 = -6*h + 2*h - k. Suppose -5*u = 5*j - 65, -h*j + 3*u - 5 = -62. What is the greatest common divisor of j and 112?
16
Let x = 137 + -83. Let s = 31 + -34. Let i be x/4*(-2)/s. What is the greatest common divisor of 72 and i?
9
Suppose 0 = -p - 4*k + 37, -6*k + 3*k = -2*p + 30. Let y = p - -8. Suppose q - y = 48. What is the highest common divisor of 7 and q?
7
Suppose -4*v - 11 + 23 = 0, -3*v = 5*a - 59. Calculate the greatest common factor of a and 65.
5
Let a = 67 + -34. What is the highest common divisor of 6 and a?
3
Let l be (5 - 5)*(-1)/(-1). Suppose a + 2 = -2*s + 88, l = 5*s + 10. Let y be (-1)/3 + 124/12. Calculate the highest common factor of a and y.
10
Suppose -323 = -11*w + 183. Let h = w + -15. What is the greatest common factor of h and 310?
31
Let h(d) = -3*d + 4*d**2 + 5*d**2 - 5*d**2 - 3*d**2. Let u be h(5). Let w(x) = 7*x + 14. Let r be w(8). What is the highest common divisor of r and u?
10
Suppose 2*c + 5*h - 318 = 0, -h + 840 = 5*c - 1. Calculate the greatest common divisor of c and 13.
13
Let m be (-3*50/3)/(4/8). Let w = m - -124. Calculate the highest common divisor of w and 12.
12
Let k(d) = d**2 - 16*d + 9. Let s be k(14). Suppose w = p + 21 + 48, 69 = w - 3*p. Let g = w + s. What is the greatest common factor of 10 and g?
10
Suppose n + 3*d = 281 + 685, -3*n + 2*d = -2920. Suppose 0 = 6*q - 3*q - o - n, -4*q - 2*o = -1296. Calculate the greatest common factor of q and 36.
36
Let w(r) = -r**2 + 11*r - 2. Let u be w(6). Suppose 1876 = 14*v - 84. Calculate the highest common divisor of v and u.
28
Let v(u) = 4*u**3 - 6*u**2 - 4*u - 3. Let b be v(3). Suppose 4*m + z + 0*z = 206, -204 = -4*m - 2*z. What is the greatest common divisor of m and b?
13
Suppose 63 = -166*p + 169*p. Calculate the greatest common divisor of p and 126.
21
Suppose -o - 34 - 171 = -2*h, 0 = 2*h + 5*o - 235. What is the highest common factor of h and 15?
15
Let o = -101 - -519. Let b = o - 291. Suppose -8 = -5*a + b. What is the greatest common factor of a and 81?
27
Let t be ((-238)/(-8))/((-11)/44). Let y be t/(-2) - 2/(-4). Suppose -7*n + 12 = f - 4*n, y = 5*f + 4*n. What is the highest common divisor of f and 3?
3
Suppose 0 = 4*y - 105 - 27. Let i = -101 - -146. Let t = i + -23. What is the highest common factor of t and y?
11
Let o(n) = 8*n**2 + 9*n + 6. Let x be o(4). Calculate the highest common factor of 765 and x.
85
Let z(t) = -t**3 + 10*t**2 - 10*t + 1. Let n be z(8). Let g(h) = -2*h**2 + 28*h + 79. Let j be g(15). Calculate the greatest common factor of n and j.
49
Let d(k) = k - 4. Let y be d(0). Let v be 150/y*(-10)/(-15). Let r = v + 32. Calculate the highest common factor of 56 and r.
7
Suppose 0 = 13*i + 57 - 447. What is the greatest common factor of i and 735?
15
Let d be (10 - (-4)/(-4))*6. Let u = 26 + -24. Suppose 4*c + 20 = 0, u*t - 32 = -0*t + 4*c. Calculate the greatest common divisor of d and t.
6
Let b = 22 + -14. Let k(j) = j**3 + 3*j**2 + 2*j + 8. Let w be k(-6). Let y be -2*2 + (w/1)/(-4). What is the greatest common factor of y and b?
8
Suppose 0 = 2*d + d + 639. Let h be d/15 + 3/15. Let q be h/(-2*4/16). What is the greatest common factor of 70 and q?
14
Let b be (-62*12/16)/((-6)/32). Let m = -158 + b. What is the highest common factor of 10 and m?
10
Let i be (530/(-40) - 4)/(1/(-4)). What is the highest common divisor of 759 and i?
69
Let h(m) = -18*m - 112. Let y be h(-7). What is the greatest common factor of y and 13?
1
Suppose 2*q = 64 + 26. Let l(z) = -3 - 3*z + 4*z + 4. Let m be l(14). What is the highest common factor of q and m?
15
Let g = -6 + 3. Suppose -7*s = 2 + 19. Let w be (s + 8)*g/(-5). Calculate the greatest common factor of w and 24.
3
Suppose -4*d = d - 260. Let y be (5 - 1)*13/4. What is the highest common factor of y and d?
13
Let h(a) = -3*a**2 + 6. Let l be h(6). Let d = -83 - l. Calculate the greatest common divisor of 19 and d.
19
Let x(m) = m**2 - m + 32. Let h be x(-7). Calculate the greatest common divisor of h and 66.
22
Let y(l) = l**3 - 2*l**2 + 6*l + 20. Let z be y(4). What is the greatest common divisor of z and 4?
4
Let q be (-76)/(-2)*2/(-4). Let g = -3 - q. Suppose 5*k = -s - s + 84, 0 = 3*k + 4*s - 56. Calculate the greatest common divisor of g and k.
16
Let q(n) = -2*n**3 - 30*n**2 - 6*n - 65. Let f be q(-15). Calculate the greatest common divisor of 75 and f.
25
Suppose -3*i = -15, -5*k - 2*i + 81 + 189 = 0. Calculate the greatest common factor of 936 and k.
52
Let b(n) = 431*n - 3 + 20 - 430*n. Let f be b(-7). Calculate the highest common divisor of 70 and f.
10
Let v = 894 + -250. Calculate the greatest common factor of v and 56.
28
Let g(k) = k**3 + 7*k**2 - 20*k - 13. Let m be g(-9). Suppose m*y = 68 + 7. Calculate the greatest common factor of 5 and y.
5
Suppose -7*i + 8 = -9*i. Let s = i + 8. Suppose 807 = s*g - u + 6*u, -u = -g + 195. Calculate the highest common factor of 22 and g.
22
Let g be 8/28 - 1028/(-28). Let q(o) = o**2 + 20*o - 41. Let p be q(-30). What is the highest common factor of g and p?
37
Let p(q) = 10*q + 7*q**2 + 12 - 23 + 11 + 3. Let i be p(-4). Calculate the greatest common divisor of i and 15.
15
Suppose 4*j - 2*x - 9 = 1, 3*x - 10 = j. Suppose j*y = 3*l + 31 - 736, -282 = 2*y - 4*l. Let k = 245 + y. What is the greatest common factor of 13 and k?
13
Let k(y) = 0*y**3 - y**3 + 3*y**3 + 3 - y**2 - 5*y - 8. Let q be k(3). Calculate the highest common factor of q and 200.
25
Suppose j - 4 = -2. Suppose 3*b - 43 = -4*k, -20 + 8 = -k - j*b. Let p be ((-92)/69)/(2/(-15)). Calculate the highest common factor of p and k.
10
Let x = 7 - 4. Suppose -x*o + 7*o = 84. Suppose -g + a - 1 + 6 = 0, 0 = -5*g + 4*a + o. What is the highest common divisor of g and 11?
1
Suppose -351 = -7*x + 132. Let y(t) = t**2 + 5*t - 4. Let h be y(5). Calculate the highest common factor of x and h.
23
Let p(y) = 67*y**2 - 9*y + 22. Let v be p(4). Calculate the greatest common divisor of 46 and v.
46
Let n be 2*3 - (30 - 39). What is the highest common factor of 555 and n?
15
Let j(o) = o**3 + 9*o**2 - 21*o + 7. Let b be j(-9). Calculate the highest common factor of 112 and b.
28
Let a = 37 + -32. Suppose -20 = -2*x + x. Calculate the highest common divisor of x and a.
5
Let t = 2 + 4. Let s = 141 + -91. Suppose t*c - 214 = s. What is the highest common divisor of 11 and c?
11
Suppose 5*q = 3*o + 241, 5*o - 115 = 2*q - 4*q. Suppose -u = -9*u + 1000. Calculate the greatest common divisor of q and u.
25
Suppose 0 = 2*g - k - 11, -k - 4 = -3*g + 11. Suppose 4*c = -y + 14, -g*y - 63 = 4*c - 155. What is the highest common factor of y and 52?
26
Let p(z) = z**2 - 9*z - 12. Le